 = 68. What is the units digit of (2 + -2 - o) + l?
4
Let a = -18 - -23. Suppose -a*x = -3*x - 56. Suppose -x = -s + 4*l - 7*l, -4*l = s - 31. What is the tens digit of s?
1
Suppose -4*r - u + 40 = -3, -3*u - 31 = -4*r. Let c = r - 6. Let a = c - -10. What is the units digit of a?
4
Suppose 4*f - 1 = 19. Suppose f*i = 20, 10 = -5*t - i + 34. Let u(x) = 22*x - 10. What is the tens digit of u(t)?
7
Suppose -q + 7*s + 2080 = 9*s, -3*s = 3*q - 6228. What is the thousands digit of q?
2
Let x(l) = 3*l + 21. Let r be x(-8). Let n(p) = -9*p**3 - 4*p**2 - 9*p - 9. What is the tens digit of n(r)?
2
What is the tens digit of (7 - (-90)/(-12))*-130*1?
6
Suppose -2841 = -7*g - 97. What is the hundreds digit of g?
3
Suppose 3*u = 2*y - 3*y + 14, -3*y = -3*u + 18. Let i(d) = u*d - 4 + 2*d**2 + 4 - 6. What is the tens digit of i(4)?
4
Let p = 469 + 1236. What is the tens digit of p?
0
Let l be (9/15 + -1)*-30. Suppose -3*w - w = -l. Suppose -5*c + 90 = -5*h, 3*c = c + w*h + 34. What is the tens digit of c?
2
Suppose 15 = -4*m - 3*y, 6*m = 4*y + 21 - 1. Let w be (-1)/2 + (-186)/(-4). Suppose m = -43*p + w*p - 171. What is the units digit of p?
7
Suppose -14*b - 20 + 62 = 0. Suppose 3*s = b*m - m + 495, -4*s + 653 = -5*m. What is the hundreds digit of s?
1
Let i(o) = o**3 - 11*o**2 + 11*o - 7. Let t be i(10). Suppose 0 = 2*q - 10, -315 = -5*h + t*q - 4*q. What is the units digit of h?
2
Suppose 2*w + w - 6 = 0. Suppose w = -p + 84. Suppose -4*f = 3*u - 5*u - p, -u = -3*f + 63. What is the tens digit of f?
2
Let n = -28 - -30. Suppose -n*y + 170 = 3*c, 0*y = -2*y + c + 154. What is the tens digit of y?
7
Suppose 0 = -2*f - f + 324. Suppose -3*j - f = -6*j. What is the units digit of j - (5 + 4)/(-3)?
9
Let l = -407 - -963. Suppose 2*m - 5*m = h + 116, 0 = -5*h - 3*m - l. Let i = -66 - h. What is the tens digit of i?
4
Suppose -7*n + 11 = 60. What is the units digit of 2 - (0 - -5) - n?
4
Let q(c) be the third derivative of c**5/30 - c**4/8 + 197*c**3/6 - 25*c**2. What is the tens digit of q(0)?
9
Suppose 8 = 5*g - 3*g. Suppose 0*q = -5*q - 20, g*z - 20 = -3*q. What is the units digit of z?
8
Let g(x) = -x**2 - 5*x. Let r be g(-8). What is the units digit of (2/(-6))/(1/r)?
8
Let y(b) = b**2 + b + 5. Let f be y(0). Suppose -f*t + 78 = 5*w - 362, w + 80 = t. What is the units digit of t?
4
Let s = -208 + 1117. What is the units digit of s?
9
Suppose 5*p - 8 - 12 = 5*k, 2*p + 2*k = 28. Suppose -p*z + 581 = -2*z. What is the units digit of z?
3
Let v be 2*11/6*-3. Let m be (-1*28 + 0)/(-2). Let l = m + v. What is the units digit of l?
3
Suppose b = -4*w + 89, -83 = 5*b - 6*b - 2*w. What is the tens digit of b?
7
Suppose 0 = r - 15 - 15. Suppose 32*d = r*d + 20. What is the tens digit of d?
1
Let b = -11 + 7. Let s(x) = 2*x**2 + 7*x + 6. Let p be s(b). Let a(g) = -g + 14. What is the units digit of a(p)?
4
Let s = 879 - 339. What is the tens digit of s?
4
Let y be (-11)/(-44) - 31/(-4). Let j(c) = c**3 - 8*c**2 + 3*c + 4. What is the tens digit of j(y)?
2
Let q be (-2)/6 - (-50)/15. Suppose y - q*y + 100 = 0. What is the units digit of y?
0
Suppose 3 + 24 = 9*z. Suppose z*s + 51 = 2*a + 1, -3*s - 100 = -4*a. What is the tens digit of a?
2
Let n(m) = m**3 - 9*m**2 + 9*m - 8. Let r be n(8). Let x(j) = j**2 - 2*j + 14. Let t be x(r). Suppose 2*k + 0 = t. What is the units digit of k?
7
Let a = 1401 + -917. What is the tens digit of a?
8
Suppose -5*c + 8 = 4*j, 3*j - 2*c = -5*c + 6. What is the tens digit of (164/j)/((-20)/(-10))?
4
Let v = 1487 + -1045. What is the tens digit of v?
4
Suppose 0 = 4*z - 11*z. Suppose 0*j - 3*j + 258 = z. What is the units digit of j?
6
Let d(b) = -b - 1. Let p be d(-1). Suppose -2*m - 5*q + 115 = p, 220 = 2*m - 5*q + 75. What is the tens digit of m?
6
Let u(z) = z**3 - z - 1. Let l(g) = 3*g**3 - 4*g**2 + g - 3. Let o(j) = -l(j) + 2*u(j). Let k = -20 - -23. What is the units digit of o(k)?
1
Let p(g) = -g**2 - 52*g - 142. What is the tens digit of p(-37)?
1
Let i = 5209 - 3589. What is the thousands digit of i?
1
Let u = 0 - 0. Let p = -55 - -52. What is the units digit of (-2 - u)*1*p?
6
Let n(f) = -f**3 - 6*f**2 + 4. Let i be n(-6). Suppose 4*d - 4*j = -8, 5*d + i*j - 8 = 4*d. Suppose d = -6*y + 101 + 67. What is the units digit of y?
8
Suppose -2506 = 772*p - 779*p. What is the hundreds digit of p?
3
Let p(l) = 2*l - 6. Let k = -7 + 18. What is the tens digit of p(k)?
1
Suppose 11*r - 14*r + 5*g + 5871 = 0, 5*r = 4*g + 9798. What is the hundreds digit of r?
9
Suppose -515 = 3*w - k, 2*w + 2*k + 446 = 116. What is the units digit of (-2)/17 + (-14980)/w + 3?
1
Suppose 0 = -5*d + 25, -19*w = -24*w + 3*d + 45. What is the units digit of w?
2
Suppose -5*g + 6472 = 2*p, -3*p - 6*g + 4*g = -9697. What is the units digit of p?
1
Suppose 5*m - 1841 = -4*r, 2*r - 848 = -4*m + 626. What is the units digit of m?
9
Suppose -3*a + 2*n - 16 = 0, -3*a = -3*n - 5 + 17. What is the tens digit of 2 - a/(-4) - -267?
6
Let q(v) be the second derivative of -v**3/2 + 19*v**2 + 12*v. What is the tens digit of q(0)?
3
Let f = 663 + -439. What is the tens digit of f?
2
Suppose 6*n + 16 = 10*n. Suppose -3*i = q - 456, 5*i = -2*q + n*q + 771. Suppose -2*c = -3*p + 178, 3*p + 5*c = 2*c + i. What is the tens digit of p?
5
Let a be (0/4 - -2)*1. Suppose -a*x = -5*x - 2*y + 183, 186 = 3*x + y. What is the tens digit of x?
6
Suppose 0 = 2*f - 6*f + 12. Suppose f*g - 5 = 7. Suppose -3*j = 0, -5*j - 250 = -g*w - w. What is the units digit of w?
0
Let x be (156/4 + -1)*2. Suppose -m + 1 = -0*q - 5*q, -4*m = 4*q - x. What is the tens digit of m?
1
Suppose 6*s - 3*s = -0*s. Suppose -296 = -i - q, 4*q + 301 = -s*i + i. What is the tens digit of i?
9
Let j = 1216 - 412. What is the units digit of j?
4
Let l(f) = -3*f**2 - 7*f + 18. Let v(u) = -u**2 - 3*u + 9. Let q(i) = -2*l(i) + 5*v(i). Let w = -11 - -11. What is the units digit of q(w)?
9
Let p = -174 + 287. What is the tens digit of p?
1
Suppose -2*x = 4*j - 2*j - 264, -5*j - 4*x = -656. Suppose -4*i + 364 = 3*f + j, 2*f - 177 = -3*i. What is the units digit of i?
9
Let r(z) = -z**2 + 9. Let g be r(0). Suppose -5*a - y = -0*y - g, -3*y = 3. Suppose a + 3 = k. What is the units digit of k?
5
Let l = -582 - -976. Suppose l = 4*d + 6. What is the tens digit of d?
9
Let b be 1*(2 + -3) + 0. Let f(c) = 3*c**2 + c + 1. Let y be f(b). Suppose h - y = 4. What is the units digit of h?
7
Let h = -295 + 376. What is the units digit of h?
1
Suppose z = -t - 0*z + 236, -4*z - 448 = -2*t. What is the tens digit of t?
3
Suppose 0*j + j - s = 295, 2 = 2*s. What is the units digit of j?
6
Suppose 3*l - 2443 = 4*b, 111*l - 110*l - 2*b = 815. What is the hundreds digit of l?
8
Let i(k) = -k**3 - 5*k**2 - 4*k + 2. Let b(v) = -v - 8. Let x be b(-4). Let n be i(x). What is the tens digit of n*(132/8 - 3)?
2
Suppose -h = -5*h + 8, -2*h = 4*b - 24. Suppose -b = -5*s + 50. What is the tens digit of s?
1
Suppose 48 = 2*u - 4*i, 5*u - 4*i - 85 = 5. Let v = u + 30. What is the tens digit of v?
4
What is the tens digit of (-31318)/(-35) - ((-64)/20 + 2)?
9
Let v = -21 - -17. What is the tens digit of (6/v)/(18/(-768))?
6
What is the tens digit of ((-1)/(-2))/(519933/34662 - 15)?
7
Let m = 692 - -473. What is the tens digit of m?
6
Suppose -3*j + 2496 = 3*j. What is the tens digit of j?
1
Suppose -2*g + 159 = -7*m + 4*m, 3*g - 4*m = 237. Let o be (3/(-5))/(5/g). What is the units digit of 43 + 1 - (9 + o)?
4
Let h = -7 + 4. Let j be (-3)/h + -5 + 3. What is the tens digit of 3 + 5 + (2 - j)?
1
Suppose 5*l + 288 = 11*l. Suppose 55*y - 42 = l*y. What is the units digit of y?
6
Let s(i) = 20*i + 6. Let c be s(4). What is the tens digit of 2 - (2 - c)/1?
8
Let c(k) = -k**3 - 5*k**2 + k + 1. What is the units digit of c(-9)?
6
What is the hundreds digit of 4 + -3 - 13/((-65)/4650)?
9
Let x = 68 - 107. Let s = x - -70. What is the units digit of s?
1
Let c = -15 + 17. Let p be (-3 + c - 1) + 2. Suppose -2*q = y + y - 58, 2*y - 2*q - 70 = p. What is the units digit of y?
2
Let a(x) be the first derivative of -x**3/3 - x**2/2 - 9*x + 5. Let u be a(-6). Let f = -7 - u. What is the tens digit of f?
3
Let o be 6/2 + (-1 - 3). What is the units digit of (-9 + 5)/(o/54)?
6
Suppose -2*f = 8, -98 = -m - 3*f + 12. Let a be 3*3/18*m. Let l = 116 - a. What is the 